 4*z - 8 + 0*z**2. Determine v(n).
1
Let g(f) = 9*f**3 + 5*f**2 + 17*f - 5. Let b(d) = -5*d**3 - 3*d**2 - 9*d + 3. Let u(c) = 11*b(c) + 6*g(c). Let x = 5 - 8. Determine u(x).
-6
Suppose -5*h + 11 = -14. Suppose -h*z = -z + 12, 5*z + 16 = d. Let b(y) be the second derivative of -9*y**5/20 + y**4/6 - y**3/6 + y. Determine b(d).
-8
Let l(d) be the second derivative of 0 - 2*d**2 - d - 1/2*d**3. Give l(-4).
8
Let t(x) = -5*x**3 + 7*x**2 - 2*x - 6. Let f(v) = 11*v**3 - 15*v**2 + 4*v + 13. Let h(b) = 4*f(b) + 9*t(b). Determine h(3).
-8
Suppose 0 = 5*h - 57 - 108. Let x be 6*(-3 + h/9). Let z(o) = 0*o**2 + 1 + 4 - 4*o**2 - 2*o + o**3. What is z(x)?
-3
Let t = -18 + 19. Let o(r) = 15*r**2 - 7*r + 5. Let i(x) = 22*x**2 + 7 - 10*x + 10*x**2 - 9*x**2. Let d(b) = -5*i(b) + 7*o(b). Give d(t).
-9
Let g(i) be the first derivative of -i**2/2 - 5*i - 11. Let h = 19 - 25. Determine g(h).
1
Suppose -5*j + 6 = -4*n, -4*n + 0*n - 16 = 0. Let a(r) = -r + 3 - 6 + 5. Give a(j).
4
Let z(n) = -2*n + 1. Let m be z(-2). Let y(l) = -l - 3*l + l + m*l. What is y(-2)?
-4
Suppose -5*v + 21 - 1 = 0. Let r(m) = -m**3 + 6*m**2 - 3*m - 5. Give r(v).
15
Let h(o) = -o**3 - 3*o**2 + o + 2. Suppose -11 - 29 = 4*z. Let t = 7 + z. What is h(t)?
-1
Let a(c) be the first derivative of c**2 + 1/3*c**3 + c - 1 - 1/4*c**4. Calculate a(2).
1
Let y = -1 + 8. Let u(a) = -a + 8. Let s be u(y). Let q(l) be the first derivative of -3*l**4/4 + l**2 - l + 15. Determine q(s).
-2
Let u(x) = -x**2 - 5*x - 3. Let l be u(-2). Suppose c - 4*w + 16 = 0, 3*c + 2*w + l*w - 20 = 0. Let f(i) = -i**3 - i**2 - i + 2. Determine f(c).
2
Let z(i) = -16*i + 2 - i**2 + 31*i - 20*i. Calculate z(-5).
2
Let z(f) = f + 1. Let r be (2*2)/(7/7). Suppose 3*g - r = -1. Let n = -4 - g. Give z(n).
-4
Let t = 0 - 3. Let k = 6 + t. Let l(d) = -2*d**3 - d**2 - d - 1. Let u(y) = -5*y**3 - y**2 - 3*y - 1. Let x(n) = 7*l(n) - 3*u(n). What is x(k)?
-7
Let q(c) be the first derivative of 7 - 2*c - 3 - 6 + c**2 - 5. Suppose 0 = -z - 4*z + 15. Calculate q(z).
4
Let w(x) = -2*x**3 + 2*x**2 - x + 2. Let m = 9 + -7. Give w(m).
-8
Let v = 1 + 2. Suppose 0 = -x - v*x. Let g(a) = 4 + x + 2*a + 0*a. Calculate g(-4).
-4
Suppose -3*v = -v + 2*d - 6, -2*d = -5*v - 13. Let c be ((-4)/5)/(v/5). Let m be c/(-6)*15/5. Let o(g) = -3*g**2 - 2*g + 1. Calculate o(m).
-7
Suppose 5*a - 10*a = 15. Let z(q) = q + 3. Let j be z(a). Let k(v) = -v + 3. Determine k(j).
3
Let d(t) be the second derivative of 7*t**4/24 + t**3/6 + t**2/2 - t. Let l(o) be the first derivative of d(o). Let f = 8 + -7. What is l(f)?
8
Let f be 9/6 - (-9)/6. Let q(d) = 4*d - d**3 + 0 - 5 - d + f*d + 5*d**2. Determine q(6).
-5
Let r(p) = p**3 - 6*p**2 - 6*p - 4. Let q be r(7). Suppose 4*m + 2*g = -m, 4*m = -g + q. Let v(t) = -t - t**3 + t**m - 4*t**2 - 5 + 3. Calculate v(-2).
-4
Let t(z) = -2*z - 3. Let q be t(-2). Suppose 5*x = 9 + q. Let u(c) be the third derivative of c**6/120 - c**5/20 + c**4/8 - c**3/3 - c**2. Give u(x).
0
Suppose -2*g + 3 = 1. Let w(q) be the first derivative of -4/3*q**3 + 0*q**2 - 2 + 0*q. What is w(g)?
-4
Suppose -3*k + 8 = k. Suppose -3*u - k*v = -u + 4, u + 4*v + 14 = 0. Let i(h) be the third derivative of -h**4/6 + h**3/3 + 15*h**2 - 2*h. What is i(u)?
-6
Let u(t) = 1 + 1 + 76*t - 82*t. Determine u(2).
-10
Let j(v) be the third derivative of -v**6/120 + v**5/12 - v**4/4 + v**3 - 7*v**2. Give j(4).
-2
Let z(f) be the first derivative of -f**3/3 + 3*f**2/2 - 2*f - 1. Let d be 2*(9/2)/3. Determine z(d).
-2
Let x(w) = w**2 + w - 5. Let y(i) = 7*i - 33. Let u be y(4). Give x(u).
15
Let v(l) be the second derivative of -l**8/6720 - l**6/720 - l**5/120 - l**4/4 - 2*l. Let z(u) be the third derivative of v(u). Calculate z(-2).
9
Let p(v) = v**3 + 7*v**2 - 4. Let d be 1*2 - (-12 - -10). Suppose 3*y + 7 = -n, -d*n + 1 = 4*y + 29. Determine p(n).
-4
Let q(t) = -t**3 - 7*t**2 - 5*t + 3. Let n(m) = -5*m - 41. Let b be n(-7). Determine q(b).
-3
Let z(p) = p**2 - 6*p + 1. Suppose 0 = -0*d + 3*d, -5*j + 15 = 3*d. Determine z(j).
-8
Let d(r) = 3*r + 6. Let x(v) = 10*v + 3. Let s(p) = 7*p + 2. Let f(g) = -7*s(g) + 5*x(g). Let m(l) = -d(l) + 5*f(l). What is m(2)?
3
Let d be (-3)/(-2)*(-30)/(-9). Let y(x) be the second derivative of 1/12*x**4 - 2*x + 0 - 3*x**2 - 1/3*x**3. Determine y(d).
9
Let m(g) be the third derivative of g**6/120 + g**5/20 + g**4/12 - 2*g**3/3 + 2*g**2. Let d be 3*(1 + (-8)/4). Give m(d).
-10
Let f(b) = -b**2 - 5*b - 2. Let d be (6 - 1)/(-2 - -1). Calculate f(d).
-2
Let w(b) = -b - 11. Let s be w(-9). Let x(k) = -k**3 - 2*k**2 - 4*k - 2. Give x(s).
6
Let t(r) = 2*r - 4. Let n(v) = -3*v - 14. Let z be n(-6). Give t(z).
4
Suppose 3*n + 8 = n. Let g(l) be the third derivative of l**6/120 + l**5/15 - l**4/8 + l**3/6 - 7*l**2. Determine g(n).
13
Let f(h) = -3*h - 4*h + 0*h - 8*h**2 - h**3 - 2. Determine f(-7).
-2
Let s(o) = -o**3 + 6*o**2 - 5*o - 4. Let p = -10 - -7. Let f be (4 - 1)*2/p. Let x be (-5)/(10/4)*f. Calculate s(x).
8
Let f(r) = -r**3 + 2*r**2 + 4*r - 2. Let t be f(3). Let p be 2*3 + t + -3. Let b(l) be the first derivative of -l**4/4 + l**3 + 2*l**2 + 5*l - 1. Give b(p).
5
Let y(s) = -5*s**3 - 10*s**2 - 12*s - 2. Let g(f) = 3*f**3 + 5*f**2 + 6*f + 1. Let n(t) = -7*g(t) - 4*y(t). Calculate n(6).
1
Let v(f) = f**2 - 2. Let y be -1*(-1)/(-1)*3. Let z(u) = 0*u - 3*u**2 - u**3 + 4*u + 1 + 3*u**2 - 2*u**2. Let n be z(y). Determine v(n).
2
Suppose z - u - 15 = 0, z = -2*u - 0*u + 18. Suppose -z = -7*m + 3*m. Suppose m = 2*q - 0. Let f(s) = s**2 + s - 2. Give f(q).
4
Let v(p) be the first derivative of -2*p**2 - 4*p - 3. What is v(-3)?
8
Let h(a) be the second derivative of a**7/2520 + a**5/20 - 5*a**4/12 - 5*a. Let r(t) be the third derivative of h(t). Give r(0).
6
Let c(o) = 7*o - 11 + 4*o - 6*o. Let r be c(8). Suppose -3*f + 3*w = 2*f - r, -3*w = 2*f + 1. Let b(h) = -h**2 + 4*h + 1. What is b(f)?
1
Suppose -2*d + 25 = 3*d. Let n(q) = -6 - 4*q + 3 + 4*q**2 - d*q**2 + q. Calculate n(-3).
-3
Let l(d) = d**2 + 4*d - 3. Let u be l(2). Let p(i) = -i**2 + 9*i + 13. Determine p(u).
13
Let o(b) = 7 + 2*b - 5 + 3*b + 0. Give o(2).
12
Let g(r) be the first derivative of 9*r**2/2 - 6*r - 4. Let w(q) be the third derivative of -q**4/6 + q**3/2 + q**2. Let t(p) = 3*g(p) + 7*w(p). What is t(3)?
0
Let z(a) = 2*a - 1. Let y(p) = -p**2 - 7*p - 8. Let s be y(-7). Let k = s - -11. Let f = 4 - k. Give z(f).
1
Let h(q) = -32 + 33 + 2*q - q + 2*q**2. Let v(i) = -i**3 + 5*i**2 - 5*i + 2. Let r be v(4). What is h(r)?
7
Let l be (-1 + 0)*(-1 + 0). Let v(f) = f**2 + 0*f + l - 3*f + f + 9*f**2. What is v(1)?
9
Let b = 8 - 5. Let s(x) = -x + 1. What is s(b)?
-2
Let n(v) = -v - 1. Let l(r) = -r - 3. Let o(d) = -l(d) + 2*n(d). What is o(5)?
-4
Let j(w) = -2*w - 9. Let f be (2/6)/((-8)/(-264)). Suppose 0 = -f*o + 7*o - 28. Determine j(o).
5
Let m be (-1)/3 - (-8)/6. Let k = 3 - 3. Let c(b) = -6*b - 4 + 5 + k. Calculate c(m).
-5
Let p be (-14)/4 - (-5)/(-10). Let w(c) = -c**3 - 6*c**2 - 4*c + 5. Give w(p).
-11
Let h(c) be the second derivative of -c**5/20 + c**4/3 + 2*c**3/3 + 3*c**2/2 + 5*c. What is h(5)?
-2
Let c(i) = 3*i**3. Let o(u) = -9 + u + 0*u - 2*u. Let x be o(-8). What is c(x)?
-3
Let j = 11 + -5. Suppose -3*t - j = -x, 0 = x + 2*x + 9. Let w(h) be the first derivative of h**2/2 + 3*h + 2. Give w(t).
0
Let g(f) be the second derivative of -f**7/2520 + f**5/120 + 5*f**4/12 + f. Let l(y) be the third derivative of g(y). Determine l(-3).
-8
Let p(k) = -k**2 - 6 + 4 + 3. Let b(g) = -g**2 + 2*g + 1. Let x be b(-2). Let z = x - -4. Calculate p(z).
-8
Let g(p) = p**2 - 7*p. Suppose 4*z = -4*u, -3*u - 7 = -3*z - 31. Let q(k) = 2*k**2 - 14*k. Let l(m) = u*q(m) - 9*g(m). Give l(6).
6
Let n(p) = p**2 - 5*p + 2. Suppose -2*c - 3*c = -4*a - 20, -2*a = c - 4. What is n(c)?
-2
Let z(v) = -3*v - 9. Let d(n) = 8*n + 26. Let p(h) = 4*d(h) + 11*z(h). Let r(f) = f + 4. Let i = 1 + -1. Let c be r(i). Give p(c).
1
Suppose -3*n - 3*m = -5 + 20, 0 = -n - 3*m - 5. Let l(q) = 3*q + 6*q + 2*q - 5 - 4*q - 5*q. Calculate l(n).
-15
Let i(r) = -2*r**2 - 9*r + 14. Let u be i(-6). Suppose -2*j = -2*p - 5*j, 4*p = -5*j. Let y(n) = -n**3 - 7 - 4*n**2 + 2 + p. Give y(u).
-5
Let z(f) be the first derivative of 5*f**2/2 - 1. Let u(j) = -2*j**3 - j + 3*j**3 + 4 - 3*j**2 + 0*j**3. Let c be u(3). Give z(c).
5